prime factors of p(-54)?
2, 3, 59, 89
Let w be (-7 - -10)*(-2)/3. List the prime factors of -1 - -5 - 209*-1 - w.
5, 43
Let l(m) = -313*m - 9449. What are the prime factors of l(-75)?
2, 7013
Let w(j) = 11*j - 8. Let f be w(1). Suppose -3*d + 996 = 3*o, -5*o + 5*d = -f*o - 671. What are the prime factors of o?
3, 37
Suppose -4*d - 12 = 0, -3*o + 6 = -d - 75. Suppose 32*c = o*c + 1284. List the prime factors of c.
2, 107
Let o = -66 + 70. Suppose 0 = 3*a - o*a + 3*a. Suppose -c = 2*f - a*c - 207, f + 2*c - 102 = 0. List the prime factors of f.
2, 13
Let n be 0*(-3)/(-6)*7/(-14). Suppose -10*t + 4760 = -n*t. Suppose 5*w - v = t, w - 6*w - 2*v = -473. What are the prime factors of w?
5, 19
Let c(z) = -2*z**2 + 32*z + 28. Suppose 3*r + 2*n - 30 - 22 = 0, 2*r + n = 33. What are the prime factors of c(r)?
2, 3, 7
Let w(o) = 835*o - 828. List the prime factors of w(17).
13367
Suppose -2*k - 5*i + 8276 = -6253, 5*k + 2*i - 36270 = 0. Suppose -k = 37*f - 51*f. What are the prime factors of f?
2, 7, 37
Suppose n - 2*x = 425, -2*n + 2*x = -434 - 422. Suppose 136 = -c + n. Suppose 34 = -9*d + c. List the prime factors of d.
29
Let z(v) = -6*v**3 - 3*v**2 - 9*v - 34. Let t be z(-5). List the prime factors of (7 - 3 - t)*6/(-12).
11, 31
Suppose -14 = 5*u + 16. Let s(n) = -31*n**2 + 50*n - 10. Let q(k) = -12*k**2 + 17*k - 3. Let v(p) = -8*q(p) + 3*s(p). What are the prime factors of v(u)?
2, 3
Let u = 103676 - 68916. What are the prime factors of u?
2, 5, 11, 79
Let d(g) = -21*g + 25. Let h(r) = -17*r + 30. Let p(q) = -q - 1. Let x(w) = h(w) + 4*p(w). Let n(o) = 6*d(o) - 7*x(o). List the prime factors of n(4).
2, 13
Suppose 11*i + 44*i = i + 768474. List the prime factors of i.
7, 19, 107
Let s = -21 + 23. Suppose -s*z + 5*m = 211, 5*m + 4 = -z - 64. List the prime factors of (z - 0)*1/12*-4.
31
Let j(u) be the first derivative of 10 + 14*u - u**2 + 2/3*u**3. List the prime factors of j(-7).
2, 3, 7
Let s = -88 - -86. Let n be (-168)/(-27) + 32/18 + s. List the prime factors of n/((-2)/(-1)) + -4 + 159.
2, 79
Let y = 344 - 362. What are the prime factors of y/(-4)*1084/6?
3, 271
Let r(j) = 15*j - 180. Let i(x) = x**2 - 11*x + 52. Let c be i(8). What are the prime factors of r(c)?
2, 3, 5
Let s = -1107 - -1550. Suppose -4*l = 4*h - 1780, -10*l + 9*l + s = -h. List the prime factors of l.
2, 3, 37
Let f(w) = -425*w - 2. Let p be f(-2). Let g = p - 355. List the prime factors of g.
17, 29
Suppose 0 = -93*l + 101*l - 15832. Suppose 1429 = 4*s - l. What are the prime factors of s?
2, 3, 71
Let b(v) be the first derivative of -3*v - 11/2*v**2 + 20. List the prime factors of b(-9).
2, 3
List the prime factors of (-18 + 14 - 0)*2711/(-2).
2, 2711
Let i(z) = 4024*z - 198. What are the prime factors of i(3)?
2, 3, 1979
Let b(k) = k**2 + 12*k + 3. Let g be b(-12). Suppose -6*l + g = -9*l. List the prime factors of (18/(-72))/(l/12).
3
Suppose q = 2*s - 13, -2*q - q = 15. Suppose -3*t + 5*t + 875 = 5*c, -700 = -s*c + 3*t. What are the prime factors of c?
5, 7
Suppose 0 = 28*s - 38*s + 140. Suppose s*u = u + 11232. List the prime factors of u.
2, 3
List the prime factors of 32/(-4) + 17 + 28313 - 16/4.
2, 14159
Suppose -73*u - 93996 = -94*u. List the prime factors of u.
2, 3, 373
Let x = 7007 - -667. Suppose x + 4737 = 9*t. What are the prime factors of t?
7, 197
Let k(q) = q**3 - 10*q**2 + 11*q + 8. Let u be (-1 - -5)*90/36. Suppose -28 = -2*i - 3*x - 8, u = i - 3*x. List the prime factors of k(i).
2, 59
Let w(v) = v**3 - 2*v**2 + 1. Let y(b) = 18*b**3 - 27*b**2 - 48. Let h(p) = 12*w(p) - y(p). What are the prime factors of h(0)?
2, 3, 5
Let x(a) = 3*a - 63. Let y be x(23). Suppose 4*c + 3*l - 1831 = 0, 2*c + 3*l - 911 = y*l. What are the prime factors of c?
457
Let b = 120 + -107. Let n(w) = 7*w**2 - 64*w + 3. List the prime factors of n(b).
2, 3, 59
Suppose 5*u = 11*u + 12. Let q = 6 + u. Suppose 4*x - 412 = -4*m, -q*m + x + 0*x = -397. List the prime factors of m.
2, 5
Let t(r) = -8*r - 147. Let k be t(-20). Suppose -994 = 11*y - k*y. List the prime factors of y.
7, 71
Let l = -32 + 34. Suppose -4*u + l*c - 46 = -126, -4*c = -4*u + 72. List the prime factors of u.
2, 11
Let k(u) = u**3 + 11*u**2 + 6*u - 22. Let y be k(-10). Suppose 6836 = y*v - 1912. List the prime factors of v.
2, 3
Let c(q) = 10*q**2 - 31*q + 38. Let j = 2 + 6. List the prime factors of c(j).
2, 5, 43
Suppose t - 7 = -g, 3*g - 4*t + 26 = 6*g. Suppose 0*s = 4*s + 12, -3*s - 25 = -g*q. What are the prime factors of ((-18)/q)/((-7)/420)?
3, 5
Suppose -13 = -3*l + 4*c + c, -5*l = -3*c - 11. List the prime factors of (-2)/(-4)*((-2316)/l)/(-2).
3, 193
Let u(w) = -21611*w + 362. List the prime factors of u(-2).
2, 3, 227
Let y = 21830 - 10316. List the prime factors of y.
2, 3, 19, 101
Suppose -4*w + 2*p = -10064, 0 = -2*w - 5*p + 4181 + 863. List the prime factors of w.
3, 839
Let l = -131 - -136. Suppose -3*x + l*x = -v + 630, 2*v - 312 = -x. What are the prime factors of x?
2, 79
Let y(g) = 663*g - 201. Let t be y(19). Suppose -32*k + 44*k - t = 0. List the prime factors of k.
1033
Suppose 0 = 5*r - 15, 4*r - 2163 = -4*y + 133. Suppose 4*s - s - 25 = 5*o, 8 = -4*o. Suppose s*n - 194 = y. List the prime factors of n.
3, 17
Suppose -5*l = 9*o - 4*o + 55, 20 = 4*l. What are the prime factors of (-2826)/(-15)*(-11 - o)?
2, 3, 157
Let h(d) = -2*d**2 - 21*d - 42. Let k be h(-13). Let t = k + 107. Suppose t = 8*r - 3*r - 625. List the prime factors of r.
5
Suppose 16*f + 206117 = 4*m + 19*f, 5*m - 2*f - 257675 = 0. List the prime factors of m.
29, 1777
Suppose 3*n = -77 - 58. Let o(u) = -2*u**3 - 4*u**2 + 5*u + 14. Let w be o(-4). Let x = w + n. List the prime factors of x.
13
Suppose 482691 = 26*u - 349803. What are the prime factors of u?
3, 13, 821
Let q(g) be the first derivative of g**4/2 - g**3/3 + g**2 + 170*g - 68. List the prime factors of q(0).
2, 5, 17
Let b = 13671 + -3936. List the prime factors of b.
3, 5, 11, 59
Let v(m) = m**2 - 6*m + 9. Suppose -40 = -5*p - 5*a, 3*p + a = -0*a + 14. Let s be v(p). Suppose -4*o - 4 + 196 = s. List the prime factors of o.
2, 3
Let l(r) = 4*r**2 - 24*r - 99. Let c be (8 - 7/1)*-7. What are the prime factors of l(c)?
5, 53
What are the prime factors of 104600/300*-3*(-67)/2?
67, 523
Suppose -14*d - 1576 = -5342. Let a = 983 + d. What are the prime factors of a?
2, 313
Let h = 26 + -21. Suppose u = -5*i - 0*i + 13, 0 = -2*u - h*i + 16. Suppose -180 = -2*s - 2*a, -u*s + 4*a + 21 + 256 = 0. List the prime factors of s.
7, 13
Let w(o) = 103*o**2 + 82*o - 2. What are the prime factors of w(-8)?
2, 3, 23, 43
Let k(f) = 4*f - 2. Let b(r) = 395*r + 169. Let q(s) = -b(s) - k(s). List the prime factors of q(-3).
2, 5, 103
Let n(u) = 67*u**2 - 200*u - 165. List the prime factors of n(-19).
2, 3, 4637
Suppose 3*r + 5*m = 118608, -3*r + 10578 = -m - 108030. What are the prime factors of r?
2, 7, 353
Let i = 12 + -7. Suppose -2*f = 7*b - 3*b - 74, 3*f = -i*b + 94. Let j = 67 - b. List the prime factors of j.
2, 5
Suppose -x - 4 = -3*v, -4*x + 0*v - 2*v + 40 = 0. Suppose 4 - 30 = -f + 5*l, x = -2*l. Let z(y) = y**2 + 10*y - 19. What are the prime factors of z(f)?
7, 11
Suppose -3*x - 18 = -2*r, 27 = r - 3*x + 6*x. Suppose -642 = -r*z + 48. What are the prime factors of z?
2, 23
What are the prime factors of (11397 - 3) + (-15)/(75/(-40))?
2, 5701
Let t(c) = -c**2 + 9*c + 10. Let z be t(10). Suppose 9*i - 4923 + 1224 = z. List the prime factors of i.
3, 137
Suppose 39 = 92*o - 105*o. List the prime factors of 4/(-6)*(15588/(-24) - o).
431
Suppose -24*f - 49350 = -5*g - 26*f, -3*g = 3*f - 29619. What are the prime factors of g?
2, 2467
Let w = -764 - -500. What are the prime factors of w/(-18) + (-1)/(-3)?
3, 5
Suppose -27*h - 7*h = 3502. List the prime factors of h/(8 - (-420)/(-52)).
13, 103
Suppose l + 4*b - 179 + 13 = 0, b = 3*l - 498. Suppose 19*a - 18*a = 3*g - l, -4*g = a - 212. List the prime factors of g.
2, 3
Let p = -573 - -580. Suppose -p*b + 5229 = 1302. List the prime factors of b.
3, 11, 17
Let z be (63/2)/(1/2). Let k = 51 - z. List the prime factors of (-1)/((-4)/k + 0) + 112.
109
Let f be -3 + 10/6 + (-6)/9. Let t be (-5 - f/(-2))*(-39)/(-9). List the prime factors of 6810/55 - (t/22 + 1).
2, 31
Suppose -4*p + 16 = -4*d, 3*p = 2*d - 9 + 20. Suppose p*k = 2